{"id":27,"date":"2026-04-27T20:30:32","date_gmt":"2026-04-27T18:30:32","guid":{"rendered":"https:\/\/www.lisa-mai.fr\/?page_id=27"},"modified":"2026-04-27T20:30:32","modified_gmt":"2026-04-27T18:30:32","slug":"a-propos","status":"publish","type":"page","link":"https:\/\/www.lisa-mai.fr\/?page_id=27","title":{"rendered":"A propos"},"content":{"rendered":"\n<figure class=\"wp-block-image size-large\"><img loading=\"lazy\" decoding=\"async\" width=\"1024\" height=\"683\" src=\"https:\/\/www.lisa-mai.fr\/wp-content\/uploads\/2026\/04\/tirageshopify2juillet-17-1024x683.jpg\" alt=\"\" class=\"wp-image-28\" srcset=\"https:\/\/www.lisa-mai.fr\/wp-content\/uploads\/2026\/04\/tirageshopify2juillet-17-1024x683.jpg 1024w, https:\/\/www.lisa-mai.fr\/wp-content\/uploads\/2026\/04\/tirageshopify2juillet-17-300x200.jpg 300w, https:\/\/www.lisa-mai.fr\/wp-content\/uploads\/2026\/04\/tirageshopify2juillet-17-768x512.jpg 768w, https:\/\/www.lisa-mai.fr\/wp-content\/uploads\/2026\/04\/tirageshopify2juillet-17-1536x1024.jpg 1536w, https:\/\/www.lisa-mai.fr\/wp-content\/uploads\/2026\/04\/tirageshopify2juillet-17-830x553.jpg 830w, https:\/\/www.lisa-mai.fr\/wp-content\/uploads\/2026\/04\/tirageshopify2juillet-17-600x400.jpg 600w, https:\/\/www.lisa-mai.fr\/wp-content\/uploads\/2026\/04\/tirageshopify2juillet-17-675x450.jpg 675w, https:\/\/www.lisa-mai.fr\/wp-content\/uploads\/2026\/04\/tirageshopify2juillet-17.jpg 1800w\" sizes=\"auto, (max-width: 1024px) 100vw, 1024px\" \/><\/figure>\n\n\n\n<p>Grandes \u00e9tendues sauvages, d\u00e9cors de road trip de cin\u00e9ma, poudreuse sans fond au go\u00fbt de sirop d&rsquo;\u00e9rable : bienvenue au Canada, une destination de r\u00eave pour les amoureux de ski et de nature XXL.<\/p>\n\n\n\n<p>Offrez \u00e0 votre salon un tirage d&rsquo;art d&rsquo;une de mes photos prises lors de mes nombreux trip ski avec skipass.com. Les tirages de cette s\u00e9lection de mes clich\u00e9s sont tous propos\u00e9es en \u00e9dition limit\u00e9e et num\u00e9rot\u00e9e \u00e0 30 exemplaires pour la plupart, avec certificat d&rsquo;authenticit\u00e9, \u00e0 l&rsquo;exception du \u00ab\u00a0petit\u00a0\u00bb format 30x20cm en \u00e9dition libre.<\/p>\n\n\n\n<p><em>Guillaume Lahure, fondateur de skipass.com et auteur des clich\u00e9s<\/em>LMcostet2026:!<\/p>\n","protected":false},"excerpt":{"rendered":"<p>Grandes \u00e9tendues sauvages, d\u00e9cors de road trip de cin\u00e9ma, poudreuse sans fond au go\u00fbt de sirop d&rsquo;\u00e9rable : bienvenue au Canada, une destination de r\u00eave pour les amoureux de ski et de nature XXL. Offrez \u00e0 votre salon un tirage d&rsquo;art d&rsquo;une de mes photos prises lors de mes nombreux trip ski avec skipass.com. Les tirages de cette s\u00e9lection de mes clich\u00e9s sont tous propos\u00e9es en \u00e9dition limit\u00e9e et num\u00e9rot\u00e9e \u00e0 30 exemplaires pour la plupart, avec certificat d&rsquo;authenticit\u00e9, \u00e0 l&rsquo;exception du \u00ab\u00a0petit\u00a0\u00bb format 30x20cm en \u00e9dition libre. Guillaume Lahure, fondateur de skipass.com et auteur des clich\u00e9sLMcostet2026:!<\/p>\n","protected":false},"author":1,"featured_media":0,"parent":0,"menu_order":0,"comment_status":"closed","ping_status":"closed","template":"","meta":{"footnotes":""},"class_list":["post-27","page","type-page","status-publish","hentry"],"acf":[],"_links":{"self":[{"href":"https:\/\/www.lisa-mai.fr\/index.php?rest_route=\/wp\/v2\/pages\/27","targetHints":{"allow":["GET"]}}],"collection":[{"href":"https:\/\/www.lisa-mai.fr\/index.php?rest_route=\/wp\/v2\/pages"}],"about":[{"href":"https:\/\/www.lisa-mai.fr\/index.php?rest_route=\/wp\/v2\/types\/page"}],"author":[{"embeddable":true,"href":"https:\/\/www.lisa-mai.fr\/index.php?rest_route=\/wp\/v2\/users\/1"}],"replies":[{"embeddable":true,"href":"https:\/\/www.lisa-mai.fr\/index.php?rest_route=%2Fwp%2Fv2%2Fcomments&post=27"}],"version-history":[{"count":1,"href":"https:\/\/www.lisa-mai.fr\/index.php?rest_route=\/wp\/v2\/pages\/27\/revisions"}],"predecessor-version":[{"id":29,"href":"https:\/\/www.lisa-mai.fr\/index.php?rest_route=\/wp\/v2\/pages\/27\/revisions\/29"}],"wp:attachment":[{"href":"https:\/\/www.lisa-mai.fr\/index.php?rest_route=%2Fwp%2Fv2%2Fmedia&parent=27"}],"curies":[{"name":"wp","href":"https:\/\/api.w.org\/{rel}","templated":true}]}}